{"id":2302,"date":"2021-12-13T11:34:35","date_gmt":"2021-12-13T10:34:35","guid":{"rendered":"https:\/\/mobile.rackow-schulen.de\/?page_id=2302"},"modified":"2023-09-01T13:32:11","modified_gmt":"2023-09-01T11:32:11","slug":"microsoft-teams","status":"publish","type":"page","link":"https:\/\/rackow-schulen.de\/berlin\/schuelerportal\/microsoft-teams\/","title":{"rendered":"Microsoft Teams"},"content":{"rendered":"\t\t<div data-elementor-type=\"wp-post\" data-elementor-id=\"2302\" class=\"elementor elementor-2302\" data-elementor-post-type=\"page\">\n\t\t\t\t\t\t<section class=\"elementor-section elementor-top-section elementor-element elementor-element-4810fd25 elementor-section-boxed elementor-section-height-default elementor-section-height-default\" data-id=\"4810fd25\" data-element_type=\"section\" data-settings=\"{&quot;background_background&quot;:&quot;classic&quot;}\">\n\t\t\t\t\t\t\t<div class=\"elementor-background-overlay\"><\/div>\n\t\t\t\t\t\t\t<div class=\"elementor-container elementor-column-gap-default\">\n\t\t\t\t\t<div class=\"elementor-column elementor-col-100 elementor-top-column elementor-element elementor-element-1743177c\" data-id=\"1743177c\" data-element_type=\"column\">\n\t\t\t<div class=\"elementor-widget-wrap elementor-element-populated\">\n\t\t\t\t\t\t<div class=\"elementor-element elementor-element-60402a9a elementor-widget elementor-widget-heading\" data-id=\"60402a9a\" data-element_type=\"widget\" data-widget_type=\"heading.default\">\n\t\t\t\t<div class=\"elementor-widget-container\">\n\t\t\t<style>\/*! elementor - v3.23.0 - 05-08-2024 *\/\n.elementor-heading-title{padding:0;margin:0;line-height:1}.elementor-widget-heading .elementor-heading-title[class*=elementor-size-]>a{color:inherit;font-size:inherit;line-height:inherit}.elementor-widget-heading .elementor-heading-title.elementor-size-small{font-size:15px}.elementor-widget-heading .elementor-heading-title.elementor-size-medium{font-size:19px}.elementor-widget-heading .elementor-heading-title.elementor-size-large{font-size:29px}.elementor-widget-heading .elementor-heading-title.elementor-size-xl{font-size:39px}.elementor-widget-heading .elementor-heading-title.elementor-size-xxl{font-size:59px}<\/style><h1 class=\"elementor-heading-title elementor-size-default\">Microsoft Teams<\/h1>\t\t<\/div>\n\t\t\t\t<\/div>\n\t\t\t\t<div class=\"elementor-element elementor-element-5e827943 elementor-widget-divider--view-line elementor-widget elementor-widget-divider\" data-id=\"5e827943\" data-element_type=\"widget\" data-widget_type=\"divider.default\">\n\t\t\t\t<div class=\"elementor-widget-container\">\n\t\t\t<style>\/*! elementor - v3.23.0 - 05-08-2024 *\/\n.elementor-widget-divider{--divider-border-style:none;--divider-border-width:1px;--divider-color:#0c0d0e;--divider-icon-size:20px;--divider-element-spacing:10px;--divider-pattern-height:24px;--divider-pattern-size:20px;--divider-pattern-url:none;--divider-pattern-repeat:repeat-x}.elementor-widget-divider .elementor-divider{display:flex}.elementor-widget-divider .elementor-divider__text{font-size:15px;line-height:1;max-width:95%}.elementor-widget-divider .elementor-divider__element{margin:0 var(--divider-element-spacing);flex-shrink:0}.elementor-widget-divider .elementor-icon{font-size:var(--divider-icon-size)}.elementor-widget-divider .elementor-divider-separator{display:flex;margin:0;direction:ltr}.elementor-widget-divider--view-line_icon .elementor-divider-separator,.elementor-widget-divider--view-line_text .elementor-divider-separator{align-items:center}.elementor-widget-divider--view-line_icon .elementor-divider-separator:after,.elementor-widget-divider--view-line_icon .elementor-divider-separator:before,.elementor-widget-divider--view-line_text .elementor-divider-separator:after,.elementor-widget-divider--view-line_text .elementor-divider-separator:before{display:block;content:\"\";border-block-end:0;flex-grow:1;border-block-start:var(--divider-border-width) var(--divider-border-style) var(--divider-color)}.elementor-widget-divider--element-align-left .elementor-divider .elementor-divider-separator>.elementor-divider__svg:first-of-type{flex-grow:0;flex-shrink:100}.elementor-widget-divider--element-align-left .elementor-divider-separator:before{content:none}.elementor-widget-divider--element-align-left .elementor-divider__element{margin-left:0}.elementor-widget-divider--element-align-right .elementor-divider .elementor-divider-separator>.elementor-divider__svg:last-of-type{flex-grow:0;flex-shrink:100}.elementor-widget-divider--element-align-right .elementor-divider-separator:after{content:none}.elementor-widget-divider--element-align-right .elementor-divider__element{margin-right:0}.elementor-widget-divider--element-align-start .elementor-divider .elementor-divider-separator>.elementor-divider__svg:first-of-type{flex-grow:0;flex-shrink:100}.elementor-widget-divider--element-align-start .elementor-divider-separator:before{content:none}.elementor-widget-divider--element-align-start .elementor-divider__element{margin-inline-start:0}.elementor-widget-divider--element-align-end .elementor-divider .elementor-divider-separator>.elementor-divider__svg:last-of-type{flex-grow:0;flex-shrink:100}.elementor-widget-divider--element-align-end .elementor-divider-separator:after{content:none}.elementor-widget-divider--element-align-end .elementor-divider__element{margin-inline-end:0}.elementor-widget-divider:not(.elementor-widget-divider--view-line_text):not(.elementor-widget-divider--view-line_icon) .elementor-divider-separator{border-block-start:var(--divider-border-width) var(--divider-border-style) var(--divider-color)}.elementor-widget-divider--separator-type-pattern{--divider-border-style:none}.elementor-widget-divider--separator-type-pattern.elementor-widget-divider--view-line .elementor-divider-separator,.elementor-widget-divider--separator-type-pattern:not(.elementor-widget-divider--view-line) .elementor-divider-separator:after,.elementor-widget-divider--separator-type-pattern:not(.elementor-widget-divider--view-line) .elementor-divider-separator:before,.elementor-widget-divider--separator-type-pattern:not([class*=elementor-widget-divider--view]) .elementor-divider-separator{width:100%;min-height:var(--divider-pattern-height);-webkit-mask-size:var(--divider-pattern-size) 100%;mask-size:var(--divider-pattern-size) 100%;-webkit-mask-repeat:var(--divider-pattern-repeat);mask-repeat:var(--divider-pattern-repeat);background-color:var(--divider-color);-webkit-mask-image:var(--divider-pattern-url);mask-image:var(--divider-pattern-url)}.elementor-widget-divider--no-spacing{--divider-pattern-size:auto}.elementor-widget-divider--bg-round{--divider-pattern-repeat:round}.rtl .elementor-widget-divider .elementor-divider__text{direction:rtl}.e-con-inner>.elementor-widget-divider,.e-con>.elementor-widget-divider{width:var(--container-widget-width,100%);--flex-grow:var(--container-widget-flex-grow)}<\/style>\t\t<div class=\"elementor-divider\">\n\t\t\t<span class=\"elementor-divider-separator\">\n\t\t\t\t\t\t<\/span>\n\t\t<\/div>\n\t\t\t\t<\/div>\n\t\t\t\t<\/div>\n\t\t\t\t\t<\/div>\n\t\t<\/div>\n\t\t\t\t\t<\/div>\n\t\t<\/section>\n\t\t\t\t<section class=\"elementor-section elementor-top-section elementor-element elementor-element-7dc509c elementor-section-boxed elementor-section-height-default elementor-section-height-default\" data-id=\"7dc509c\" data-element_type=\"section\">\n\t\t\t\t\t\t<div class=\"elementor-container elementor-column-gap-default\">\n\t\t\t\t\t<div class=\"elementor-column elementor-col-100 elementor-top-column elementor-element elementor-element-f82663b\" data-id=\"f82663b\" data-element_type=\"column\">\n\t\t\t<div class=\"elementor-widget-wrap elementor-element-populated\">\n\t\t\t\t\t\t<div class=\"elementor-element elementor-element-c77ff59 elementor-widget elementor-widget-text-editor\" data-id=\"c77ff59\" data-element_type=\"widget\" data-widget_type=\"text-editor.default\">\n\t\t\t\t<div class=\"elementor-widget-container\">\n\t\t\t<style>\/*! elementor - v3.23.0 - 05-08-2024 *\/\n.elementor-widget-text-editor.elementor-drop-cap-view-stacked .elementor-drop-cap{background-color:#69727d;color:#fff}.elementor-widget-text-editor.elementor-drop-cap-view-framed .elementor-drop-cap{color:#69727d;border:3px solid;background-color:transparent}.elementor-widget-text-editor:not(.elementor-drop-cap-view-default) .elementor-drop-cap{margin-top:8px}.elementor-widget-text-editor:not(.elementor-drop-cap-view-default) .elementor-drop-cap-letter{width:1em;height:1em}.elementor-widget-text-editor .elementor-drop-cap{float:left;text-align:center;line-height:1;font-size:50px}.elementor-widget-text-editor .elementor-drop-cap-letter{display:inline-block}<\/style>\t\t\t\t<p style=\"text-align: center;\">\u00a0<\/p><p style=\"text-align: center;\">Microsoft Teams ist eine Plattform, die den Austausch, die Kommunikation und das gemeinsame Arbeiten erm\u00f6glicht. Egal ob in der Schule oder von zu Hause, Teams erm\u00f6glicht Dir, ortsunabh\u00e4ngig auf Deine digitalen Lehrmaterialen zuzugreifen. Au\u00dferdem werden Chats, Videokonferenzen, Notizen und Dein Dateimanagement in einer einzigen Anwendung vereint.<\/p>\t\t\t\t\t\t<\/div>\n\t\t\t\t<\/div>\n\t\t\t\t<div class=\"elementor-element elementor-element-22c92fa elementor-widget-divider--view-line elementor-widget elementor-widget-divider\" data-id=\"22c92fa\" data-element_type=\"widget\" data-widget_type=\"divider.default\">\n\t\t\t\t<div class=\"elementor-widget-container\">\n\t\t\t\t\t<div class=\"elementor-divider\">\n\t\t\t<span class=\"elementor-divider-separator\">\n\t\t\t\t\t\t<\/span>\n\t\t<\/div>\n\t\t\t\t<\/div>\n\t\t\t\t<\/div>\n\t\t\t\t<section class=\"elementor-section elementor-inner-section elementor-element elementor-element-56c0f93 elementor-section-boxed elementor-section-height-default elementor-section-height-default\" data-id=\"56c0f93\" data-element_type=\"section\">\n\t\t\t\t\t\t<div class=\"elementor-container elementor-column-gap-default\">\n\t\t\t\t\t<div class=\"elementor-column elementor-col-50 elementor-inner-column elementor-element elementor-element-6466221\" data-id=\"6466221\" data-element_type=\"column\">\n\t\t\t<div class=\"elementor-widget-wrap elementor-element-populated\">\n\t\t\t\t\t\t<div class=\"elementor-element elementor-element-5464d2b elementor-widget elementor-widget-text-editor\" data-id=\"5464d2b\" data-element_type=\"widget\" data-widget_type=\"text-editor.default\">\n\t\t\t\t<div class=\"elementor-widget-container\">\n\t\t\t\t\t\t\t<p>Eine Anleitung mit allen wichtigen Infos f\u00fcr den Login und die Nutzung auf mobilen Ger\u00e4ten kannst Du hier herunterladen:<\/p>\t\t\t\t\t\t<\/div>\n\t\t\t\t<\/div>\n\t\t\t\t\t<\/div>\n\t\t<\/div>\n\t\t\t\t<div class=\"elementor-column elementor-col-50 elementor-inner-column elementor-element elementor-element-379939d\" data-id=\"379939d\" data-element_type=\"column\">\n\t\t\t<div class=\"elementor-widget-wrap elementor-element-populated\">\n\t\t\t\t\t\t<div class=\"elementor-element elementor-element-6366e33 elementor-widget elementor-widget-button\" data-id=\"6366e33\" data-element_type=\"widget\" data-widget_type=\"button.default\">\n\t\t\t\t<div class=\"elementor-widget-container\">\n\t\t\t\t\t<div class=\"elementor-button-wrapper\">\n\t\t\t<a class=\"elementor-button elementor-button-link elementor-size-sm\" href=\"https:\/\/rackow-schulen.de\/berlin\/wp-content\/uploads\/2023\/09\/R6-044-Anleitung-Microsoft-Teams_Lernende.pdf\" target=\"_blank\" rel=\"nofollow\">\n\t\t\t\t\t\t<span class=\"elementor-button-content-wrapper\">\n\t\t\t\t\t\t\t\t\t<span class=\"elementor-button-text\">Anleitung Teams<\/span>\n\t\t\t\t\t<\/span>\n\t\t\t\t\t<\/a>\n\t\t<\/div>\n\t\t\t\t<\/div>\n\t\t\t\t<\/div>\n\t\t\t\t\t<\/div>\n\t\t<\/div>\n\t\t\t\t\t<\/div>\n\t\t<\/section>\n\t\t\t\t\t<\/div>\n\t\t<\/div>\n\t\t\t\t\t<\/div>\n\t\t<\/section>\n\t\t\t\t<\/div>\n\t\t","protected":false},"excerpt":{"rendered":"<p>Microsoft Teams \u00a0 Microsoft Teams ist eine Plattform, die den Austausch, die Kommunikation und das gemeinsame Arbeiten erm\u00f6glicht. Egal ob in der Schule oder von zu Hause, Teams erm\u00f6glicht Dir, ortsunabh\u00e4ngig auf Deine digitalen Lehrmaterialen zuzugreifen. Au\u00dferdem werden Chats, Videokonferenzen, Notizen und Dein Dateimanagement in einer einzigen Anwendung vereint. Eine Anleitung mit allen wichtigen Infos [&hellip;]<\/p>\n","protected":false},"author":6,"featured_media":0,"parent":1491,"menu_order":0,"comment_status":"closed","ping_status":"closed","template":"","meta":{"site-sidebar-layout":"no-sidebar","site-content-layout":"page-builder","ast-site-content-layout":"","site-content-style":"default","site-sidebar-style":"default","ast-global-header-display":"","ast-banner-title-visibility":"","ast-main-header-display":"","ast-hfb-above-header-display":"","ast-hfb-below-header-display":"","ast-hfb-mobile-header-display":"","site-post-title":"disabled","ast-breadcrumbs-content":"","ast-featured-img":"disabled","footer-sml-layout":"","theme-transparent-header-meta":"","adv-header-id-meta":"","stick-header-meta":"","header-above-stick-meta":"","header-main-stick-meta":"","header-below-stick-meta":"","astra-migrate-meta-layouts":"default","ast-page-background-enabled":"default","ast-page-background-meta":{"desktop":{"background-color":"","background-image":"","background-repeat":"repeat","background-position":"center center","background-size":"auto","background-attachment":"scroll","background-type":"","background-media":"","overlay-type":"","overlay-color":"","overlay-opacity":"","overlay-gradient":""},"tablet":{"background-color":"","background-image":"","background-repeat":"repeat","background-position":"center center","background-size":"auto","background-attachment":"scroll","background-type":"","background-media":"","overlay-type":"","overlay-color":"","overlay-opacity":"","overlay-gradient":""},"mobile":{"background-color":"","background-image":"","background-repeat":"repeat","background-position":"center center","background-size":"auto","background-attachment":"scroll","background-type":"","background-media":"","overlay-type":"","overlay-color":"","overlay-opacity":"","overlay-gradient":""}},"ast-content-background-meta":{"desktop":{"background-color":"var(--ast-global-color-5)","background-image":"","background-repeat":"repeat","background-position":"center center","background-size":"auto","background-attachment":"scroll","background-type":"","background-media":"","overlay-type":"","overlay-color":"","overlay-opacity":"","overlay-gradient":""},"tablet":{"background-color":"var(--ast-global-color-5)","background-image":"","background-repeat":"repeat","background-position":"center center","background-size":"auto","background-attachment":"scroll","background-type":"","background-media":"","overlay-type":"","overlay-color":"","overlay-opacity":"","overlay-gradient":""},"mobile":{"background-color":"var(--ast-global-color-5)","background-image":"","background-repeat":"repeat","background-position":"center center","background-size":"auto","background-attachment":"scroll","background-type":"","background-media":"","overlay-type":"","overlay-color":"","overlay-opacity":"","overlay-gradient":""}},"footnotes":"","_links_to":"","_links_to_target":""},"class_list":["post-2302","page","type-page","status-publish","hentry"],"yoast_head":"<!-- This site is optimized with the Yoast SEO Premium plugin v23.2 (Yoast SEO v26.9) - https:\/\/yoast.com\/product\/yoast-seo-premium-wordpress\/ -->\n<title>Microsoft Teams - Rackow-Schulen<\/title>\n<meta name=\"description\" content=\"Unsere Cloud erm\u00f6glicht es, ortsunabh\u00e4ngig auf digitalen Materialien zuzugreifen, verpasste Stundeninhalte nachzuholen und Hausaufgaben digital abzugeben.\" \/>\n<meta name=\"robots\" content=\"index, follow, max-snippet:-1, max-image-preview:large, max-video-preview:-1\" \/>\n<link rel=\"canonical\" href=\"https:\/\/rackow-schulen.de\/berlin\/schuelerportal\/microsoft-teams\/\" \/>\n<meta property=\"og:locale\" content=\"de_DE\" \/>\n<meta property=\"og:type\" content=\"article\" \/>\n<meta property=\"og:title\" content=\"Microsoft Teams\" \/>\n<meta property=\"og:description\" content=\"Unsere Cloud erm\u00f6glicht es, ortsunabh\u00e4ngig auf digitalen Materialien zuzugreifen, verpasste Stundeninhalte nachzuholen und Hausaufgaben digital abzugeben.\" \/>\n<meta property=\"og:url\" content=\"https:\/\/rackow-schulen.de\/berlin\/schuelerportal\/microsoft-teams\/\" \/>\n<meta property=\"og:site_name\" content=\"Rackow-Schulen\" \/>\n<meta property=\"article:publisher\" content=\"https:\/\/de-de.facebook.com\/RackowSchule\" \/>\n<meta property=\"article:modified_time\" content=\"2023-09-01T11:32:11+00:00\" \/>\n<meta name=\"twitter:card\" content=\"summary_large_image\" \/>\n<meta name=\"twitter:label1\" content=\"Gesch\u00e4tzte Lesezeit\" \/>\n\t<meta name=\"twitter:data1\" content=\"1\u00a0Minute\" \/>\n<script type=\"application\/ld+json\" class=\"yoast-schema-graph\">{\"@context\":\"https:\/\/schema.org\",\"@graph\":[{\"@type\":\"WebPage\",\"@id\":\"https:\/\/rackow-schulen.de\/berlin\/schuelerportal\/microsoft-teams\/\",\"url\":\"https:\/\/rackow-schulen.de\/berlin\/schuelerportal\/microsoft-teams\/\",\"name\":\"Microsoft Teams - Rackow-Schulen\",\"isPartOf\":{\"@id\":\"https:\/\/rackow-schulen.de\/berlin\/#website\"},\"datePublished\":\"2021-12-13T10:34:35+00:00\",\"dateModified\":\"2023-09-01T11:32:11+00:00\",\"description\":\"Unsere Cloud erm\u00f6glicht es, ortsunabh\u00e4ngig auf digitalen Materialien zuzugreifen, verpasste Stundeninhalte nachzuholen und Hausaufgaben digital abzugeben.\",\"breadcrumb\":{\"@id\":\"https:\/\/rackow-schulen.de\/berlin\/schuelerportal\/microsoft-teams\/#breadcrumb\"},\"inLanguage\":\"de\",\"potentialAction\":[{\"@type\":\"ReadAction\",\"target\":[\"https:\/\/rackow-schulen.de\/berlin\/schuelerportal\/microsoft-teams\/\"]}]},{\"@type\":\"BreadcrumbList\",\"@id\":\"https:\/\/rackow-schulen.de\/berlin\/schuelerportal\/microsoft-teams\/#breadcrumb\",\"itemListElement\":[{\"@type\":\"ListItem\",\"position\":1,\"name\":\"Startseite\",\"item\":\"https:\/\/rackow-schulen.de\/berlin\/\"},{\"@type\":\"ListItem\",\"position\":2,\"name\":\"Sch\u00fclerportal\",\"item\":\"https:\/\/rackow-schulen.de\/berlin\/schuelerportal\/\"},{\"@type\":\"ListItem\",\"position\":3,\"name\":\"Microsoft Teams\"}]},{\"@type\":\"WebSite\",\"@id\":\"https:\/\/rackow-schulen.de\/berlin\/#website\",\"url\":\"https:\/\/rackow-schulen.de\/berlin\/\",\"name\":\"Rackow-Schulen\",\"description\":\"Staatlich anerkannte Privatschule in Berlin und Frankfurt\",\"publisher\":{\"@id\":\"https:\/\/rackow-schulen.de\/berlin\/#organization\"},\"alternateName\":\"Rackow\",\"potentialAction\":[{\"@type\":\"SearchAction\",\"target\":{\"@type\":\"EntryPoint\",\"urlTemplate\":\"https:\/\/rackow-schulen.de\/berlin\/?s={search_term_string}\"},\"query-input\":{\"@type\":\"PropertyValueSpecification\",\"valueRequired\":true,\"valueName\":\"search_term_string\"}}],\"inLanguage\":\"de\"},{\"@type\":\"Organization\",\"@id\":\"https:\/\/rackow-schulen.de\/berlin\/#organization\",\"name\":\"Rackow-Schulen Berlin\",\"alternateName\":\"Rackow\",\"url\":\"https:\/\/rackow-schulen.de\/berlin\/\",\"logo\":{\"@type\":\"ImageObject\",\"inLanguage\":\"de\",\"@id\":\"https:\/\/rackow-schulen.de\/berlin\/#\/schema\/logo\/image\/\",\"url\":\"https:\/\/rackow-schulen.de\/berlin\/wp-content\/uploads\/2022\/11\/cropped-cropped-rackow-logo-rot.png\",\"contentUrl\":\"https:\/\/rackow-schulen.de\/berlin\/wp-content\/uploads\/2022\/11\/cropped-cropped-rackow-logo-rot.png\",\"width\":5008,\"height\":5008,\"caption\":\"Rackow-Schulen Berlin\"},\"image\":{\"@id\":\"https:\/\/rackow-schulen.de\/berlin\/#\/schema\/logo\/image\/\"},\"sameAs\":[\"https:\/\/de-de.facebook.com\/RackowSchule\",\"https:\/\/www.instagram.com\/rackowschule\/\"]}]}<\/script>\n<!-- \/ Yoast SEO Premium plugin. -->","yoast_head_json":{"title":"Microsoft Teams - Rackow-Schulen","description":"Unsere Cloud erm\u00f6glicht es, ortsunabh\u00e4ngig auf digitalen Materialien zuzugreifen, verpasste Stundeninhalte nachzuholen und Hausaufgaben digital abzugeben.","robots":{"index":"index","follow":"follow","max-snippet":"max-snippet:-1","max-image-preview":"max-image-preview:large","max-video-preview":"max-video-preview:-1"},"canonical":"https:\/\/rackow-schulen.de\/berlin\/schuelerportal\/microsoft-teams\/","og_locale":"de_DE","og_type":"article","og_title":"Microsoft Teams","og_description":"Unsere Cloud erm\u00f6glicht es, ortsunabh\u00e4ngig auf digitalen Materialien zuzugreifen, verpasste Stundeninhalte nachzuholen und Hausaufgaben digital abzugeben.","og_url":"https:\/\/rackow-schulen.de\/berlin\/schuelerportal\/microsoft-teams\/","og_site_name":"Rackow-Schulen","article_publisher":"https:\/\/de-de.facebook.com\/RackowSchule","article_modified_time":"2023-09-01T11:32:11+00:00","twitter_card":"summary_large_image","twitter_misc":{"Gesch\u00e4tzte Lesezeit":"1\u00a0Minute"},"schema":{"@context":"https:\/\/schema.org","@graph":[{"@type":"WebPage","@id":"https:\/\/rackow-schulen.de\/berlin\/schuelerportal\/microsoft-teams\/","url":"https:\/\/rackow-schulen.de\/berlin\/schuelerportal\/microsoft-teams\/","name":"Microsoft Teams - Rackow-Schulen","isPartOf":{"@id":"https:\/\/rackow-schulen.de\/berlin\/#website"},"datePublished":"2021-12-13T10:34:35+00:00","dateModified":"2023-09-01T11:32:11+00:00","description":"Unsere Cloud erm\u00f6glicht es, ortsunabh\u00e4ngig auf digitalen Materialien zuzugreifen, verpasste Stundeninhalte nachzuholen und Hausaufgaben digital abzugeben.","breadcrumb":{"@id":"https:\/\/rackow-schulen.de\/berlin\/schuelerportal\/microsoft-teams\/#breadcrumb"},"inLanguage":"de","potentialAction":[{"@type":"ReadAction","target":["https:\/\/rackow-schulen.de\/berlin\/schuelerportal\/microsoft-teams\/"]}]},{"@type":"BreadcrumbList","@id":"https:\/\/rackow-schulen.de\/berlin\/schuelerportal\/microsoft-teams\/#breadcrumb","itemListElement":[{"@type":"ListItem","position":1,"name":"Startseite","item":"https:\/\/rackow-schulen.de\/berlin\/"},{"@type":"ListItem","position":2,"name":"Sch\u00fclerportal","item":"https:\/\/rackow-schulen.de\/berlin\/schuelerportal\/"},{"@type":"ListItem","position":3,"name":"Microsoft Teams"}]},{"@type":"WebSite","@id":"https:\/\/rackow-schulen.de\/berlin\/#website","url":"https:\/\/rackow-schulen.de\/berlin\/","name":"Rackow-Schulen","description":"Staatlich anerkannte Privatschule in Berlin und Frankfurt","publisher":{"@id":"https:\/\/rackow-schulen.de\/berlin\/#organization"},"alternateName":"Rackow","potentialAction":[{"@type":"SearchAction","target":{"@type":"EntryPoint","urlTemplate":"https:\/\/rackow-schulen.de\/berlin\/?s={search_term_string}"},"query-input":{"@type":"PropertyValueSpecification","valueRequired":true,"valueName":"search_term_string"}}],"inLanguage":"de"},{"@type":"Organization","@id":"https:\/\/rackow-schulen.de\/berlin\/#organization","name":"Rackow-Schulen Berlin","alternateName":"Rackow","url":"https:\/\/rackow-schulen.de\/berlin\/","logo":{"@type":"ImageObject","inLanguage":"de","@id":"https:\/\/rackow-schulen.de\/berlin\/#\/schema\/logo\/image\/","url":"https:\/\/rackow-schulen.de\/berlin\/wp-content\/uploads\/2022\/11\/cropped-cropped-rackow-logo-rot.png","contentUrl":"https:\/\/rackow-schulen.de\/berlin\/wp-content\/uploads\/2022\/11\/cropped-cropped-rackow-logo-rot.png","width":5008,"height":5008,"caption":"Rackow-Schulen Berlin"},"image":{"@id":"https:\/\/rackow-schulen.de\/berlin\/#\/schema\/logo\/image\/"},"sameAs":["https:\/\/de-de.facebook.com\/RackowSchule","https:\/\/www.instagram.com\/rackowschule\/"]}]}},"_links":{"self":[{"href":"https:\/\/rackow-schulen.de\/berlin\/wp-json\/wp\/v2\/pages\/2302","targetHints":{"allow":["GET"]}}],"collection":[{"href":"https:\/\/rackow-schulen.de\/berlin\/wp-json\/wp\/v2\/pages"}],"about":[{"href":"https:\/\/rackow-schulen.de\/berlin\/wp-json\/wp\/v2\/types\/page"}],"author":[{"embeddable":true,"href":"https:\/\/rackow-schulen.de\/berlin\/wp-json\/wp\/v2\/users\/6"}],"replies":[{"embeddable":true,"href":"https:\/\/rackow-schulen.de\/berlin\/wp-json\/wp\/v2\/comments?post=2302"}],"version-history":[{"count":107,"href":"https:\/\/rackow-schulen.de\/berlin\/wp-json\/wp\/v2\/pages\/2302\/revisions"}],"predecessor-version":[{"id":13659,"href":"https:\/\/rackow-schulen.de\/berlin\/wp-json\/wp\/v2\/pages\/2302\/revisions\/13659"}],"up":[{"embeddable":true,"href":"https:\/\/rackow-schulen.de\/berlin\/wp-json\/wp\/v2\/pages\/1491"}],"wp:attachment":[{"href":"https:\/\/rackow-schulen.de\/berlin\/wp-json\/wp\/v2\/media?parent=2302"}],"curies":[{"name":"wp","href":"https:\/\/api.w.org\/{rel}","templated":true}]}}